{"id":72,"date":"2023-05-21T19:47:30","date_gmt":"2023-05-21T17:47:30","guid":{"rendered":"https:\/\/sst-prevention.fr\/site\/?page_id=72"},"modified":"2025-11-03T18:41:03","modified_gmt":"2025-11-03T17:41:03","slug":"ressources","status":"publish","type":"page","link":"https:\/\/sst-prevention.fr\/site\/ressources\/","title":{"rendered":"Ressources"},"content":{"rendered":"\n<div class=\"wp-block-cover is-style-default\" style=\"min-height:177px;aspect-ratio:unset;\"><img loading=\"lazy\" decoding=\"async\" width=\"1600\" height=\"235\" class=\"wp-block-cover__image-background wp-image-967 size-full\" alt=\"\" src=\"https:\/\/sst-prevention.fr\/site\/wp-content\/uploads\/2025\/11\/electroOnly_site1600px_transp.png\" data-object-fit=\"cover\" srcset=\"https:\/\/sst-prevention.fr\/site\/wp-content\/uploads\/2025\/11\/electroOnly_site1600px_transp.png 1600w, https:\/\/sst-prevention.fr\/site\/wp-content\/uploads\/2025\/11\/electroOnly_site1600px_transp-300x44.png 300w, https:\/\/sst-prevention.fr\/site\/wp-content\/uploads\/2025\/11\/electroOnly_site1600px_transp-1024x150.png 1024w, https:\/\/sst-prevention.fr\/site\/wp-content\/uploads\/2025\/11\/electroOnly_site1600px_transp-768x113.png 768w, https:\/\/sst-prevention.fr\/site\/wp-content\/uploads\/2025\/11\/electroOnly_site1600px_transp-1536x226.png 1536w, https:\/\/sst-prevention.fr\/site\/wp-content\/uploads\/2025\/11\/electroOnly_site1600px_transp-1170x172.png 1170w\" sizes=\"auto, (max-width: 1600px) 100vw, 1600px\" \/><span aria-hidden=\"true\" class=\"wp-block-cover__background has-background-dim-0 has-background-dim\" style=\"background-color:#45ac32\"><\/span><div class=\"wp-block-cover__inner-container is-layout-constrained wp-block-cover-is-layout-constrained\">\n<p class=\"has-text-align-center has-large-font-size\"><\/p>\n<\/div><\/div>\n\n\n\n<p><strong>Quelle est la diff\u00e9rence entre le PSC1 et le SST&nbsp;?<\/strong><\/p>\n\n\n\n<p>Ces 2 formations sont assez similaires et visent avant tout \u00e0 la prise en charge des victimes avant l\u2019arriv\u00e9e des secours. Cependant, la&nbsp;<strong>formation SST \u00e0 Paris<\/strong>&nbsp;est plus compl\u00e8te et s\u2019adresse au monde de l\u2019entreprise, avec une vis\u00e9e pr\u00e9ventive.<\/p>\n\n\n\n<p>Bien que similaire,&nbsp;le SST&nbsp;est une formation professionnelle li\u00e9e au monde du travail d\u00e9livr\u00e9e par des organismes de formation habilit\u00e9s par l\u2019INRS, tandis que PCS1 ne s\u2019applique pas sp\u00e9ci\ufb01quement au monde de l\u2019entreprise et d\u00e9livr\u00e9 exclusivement par des associations de s\u00e9curit\u00e9 civile.<\/p>\n\n\n\n<p>D\u00e9couvrez notre article au sujet de :&nbsp;<a href=\"https:\/\/www.pulsart-groupe.com\/blog\/quelle-est-la-difference-entre-les-formations-sst-et-psc1\/\" target=\"_blank\" rel=\"noreferrer noopener\">Quelle est la diff\u00e9rence entre le psc1 et le sst ?<\/a><\/p>\n\n\n\n<p><strong>Combien de temps le certificat SST est-il valable&nbsp;?<\/strong><\/p>\n\n\n\n<p>Tous les 2 ans, le SST doit suivre une formation de \u00ab&nbsp;maintien et actualisation des comp\u00e9tences&nbsp;\u00bb (MAC) d\u2019une dur\u00e9e minimale d\u2019une journ\u00e9e (7 heures) en pr\u00e9sentiel, lui permettant d\u2019inscrire dans la dur\u00e9e ses comp\u00e9tences relatives \u00e0 la pr\u00e9vention et au secours. \u00c0 cette occasion, des \u00e9valuations certificatives sont de nouveau r\u00e9alis\u00e9es.<\/p>\n\n\n\n<p><strong>Combien faut-il former de SST dans une entreprise&nbsp;?<\/strong><\/p>\n\n\n\n<p>L\u2019Art R4242-15 du code du travail pr\u00e9cise \u00ab&nbsp;Un membre du personnel re\u00e7oit la formation de secouriste n\u00e9cessaire pour donner les premiers secours en cas d\u2019urgence dans&nbsp;:<\/p>\n\n\n\n<ol start=\"1\" style=\"list-style-type:1\" class=\"wp-block-list\">\n<li>Chaque atelier o\u00f9 sont accomplis des travaux dangereux&nbsp;;<\/li>\n\n\n\n<li>Chaque chantier employant vingt travailleurs au moins pendant plus de quinze jours o\u00f9 sont r\u00e9alis\u00e9s des travaux dangereux.&nbsp;\u00bb<\/li>\n<\/ol>\n\n\n\n<p>Conseill\u00e9 par le m\u00e9decin du travail, l\u2019employeur \u00e9value le nombre de SST adapt\u00e9 \u00e0 son entreprise.<\/p>\n\n\n\n<p>Le nombre est \u00e0 \u00e9valuer \u00e0 partir des effectifs, des risques propres aux entreprises, de la nature des activit\u00e9s, des horaires, et en fonction de r\u00e9partition g\u00e9ographique des diff\u00e9rents sites d\u2019une m\u00eame entreprise.<br>Il est cependant recommand\u00e9 dans la pratique de d\u00e9passer les obligations r\u00e9glementaires afin de disposer dans chaque entreprise de personnels form\u00e9s au SST, en nombre adapt\u00e9 et bien r\u00e9partis, capables d\u2019intervenir efficacement en cas d\u2019accident.<\/p>\n\n\n\n<p><strong>La formation SST est-elle prise en charge par mon employeur ?<\/strong><\/p>\n\n\n\n<p>La formation SST \u00e0 Paris repr\u00e9sente un co\u00fbt de 185\u20ac par personne si elle est effectu\u00e9e en pr\u00e9sentiel dans notre centre de formation, ou de 1400\u20ac par groupe si elle est effectu\u00e9e dans vos locaux.<\/p>\n\n\n\n<p>L\u2019organisme certifi\u00e9 Qualiopi vous permet de b\u00e9n\u00e9ficier d\u2019une prise en charge de la formation.<\/p>\n\n\n\n<p><strong>Quel est le r\u00f4le du sauveteur secouriste du travail SST ?<\/strong><\/p>\n\n\n\n<p>Son r\u00f4le est de porter les premiers secours \u00e0 toute victime d\u2019un accident du travail ou d\u2019un malaise.<\/p>\n\n\n\n<p><strong>Quelles sont les qualit\u00e9s requises pour \u00eatre sauveteur secouriste du travail SST ?<\/strong><\/p>\n\n\n\n<p>Il faut disposer de capacit\u00e9s d\u2019empathie et d\u2019une volont\u00e9 de rendre service aux autres. Il faut aussi \u00eatre capable de prendre ses responsabilit\u00e9s en cas de n\u00e9cessit\u00e9, de savoir agir vite et bien, m\u00eame en cas de situation complexe.<\/p>\n\n\n\n<div class=\"wp-block-cover is-style-default\" style=\"min-height:177px;aspect-ratio:unset;\"><img loading=\"lazy\" decoding=\"async\" width=\"1600\" height=\"235\" class=\"wp-block-cover__image-background wp-image-967 size-full\" alt=\"\" src=\"https:\/\/sst-prevention.fr\/site\/wp-content\/uploads\/2025\/11\/electroOnly_site1600px_transp.png\" data-object-fit=\"cover\" srcset=\"https:\/\/sst-prevention.fr\/site\/wp-content\/uploads\/2025\/11\/electroOnly_site1600px_transp.png 1600w, https:\/\/sst-prevention.fr\/site\/wp-content\/uploads\/2025\/11\/electroOnly_site1600px_transp-300x44.png 300w, https:\/\/sst-prevention.fr\/site\/wp-content\/uploads\/2025\/11\/electroOnly_site1600px_transp-1024x150.png 1024w, https:\/\/sst-prevention.fr\/site\/wp-content\/uploads\/2025\/11\/electroOnly_site1600px_transp-768x113.png 768w, https:\/\/sst-prevention.fr\/site\/wp-content\/uploads\/2025\/11\/electroOnly_site1600px_transp-1536x226.png 1536w, https:\/\/sst-prevention.fr\/site\/wp-content\/uploads\/2025\/11\/electroOnly_site1600px_transp-1170x172.png 1170w\" sizes=\"auto, (max-width: 1600px) 100vw, 1600px\" \/><span aria-hidden=\"true\" class=\"wp-block-cover__background has-background-dim-0 has-background-dim\" style=\"background-color:#45ac32\"><\/span><div class=\"wp-block-cover__inner-container is-layout-constrained wp-block-cover-is-layout-constrained\">\n<p class=\"has-text-align-center has-large-font-size\"><\/p>\n<\/div><\/div>\n","protected":false},"excerpt":{"rendered":"<p>Quelle est la diff\u00e9rence entre le PSC1 et le SST&nbsp;? Ces 2 formations sont assez similaires et visent avant tout \u00e0 la prise en charge des victimes avant l\u2019arriv\u00e9e des secours. Cependant, la&nbsp;formation SST \u00e0 Paris&nbsp;est plus compl\u00e8te et s\u2019adresse au monde de l\u2019entreprise, avec une vis\u00e9e pr\u00e9ventive. Bien que similaire,&nbsp;le SST&nbsp;est une formation professionnelle [&hellip;]<\/p>\n","protected":false},"author":1,"featured_media":0,"parent":0,"menu_order":0,"comment_status":"closed","ping_status":"closed","template":"","meta":{"ngg_post_thumbnail":0,"_glsr_average":0,"_glsr_ranking":0,"_glsr_reviews":0,"footnotes":""},"class_list":["post-72","page","type-page","status-publish","hentry"],"yoast_head":"<!-- This site is optimized with the Yoast SEO plugin v27.4 - https:\/\/yoast.com\/product\/yoast-seo-wordpress\/ -->\n<title>Ressources -<\/title>\n<meta name=\"robots\" content=\"index, follow, max-snippet:-1, max-image-preview:large, max-video-preview:-1\" \/>\n<link rel=\"canonical\" href=\"https:\/\/sst-prevention.fr\/site\/ressources\/\" \/>\n<meta property=\"og:locale\" content=\"fr_FR\" \/>\n<meta property=\"og:type\" content=\"article\" \/>\n<meta property=\"og:title\" content=\"Ressources -\" \/>\n<meta property=\"og:description\" content=\"Quelle est la diff\u00e9rence entre le PSC1 et le SST&nbsp;? Ces 2 formations sont assez similaires et visent avant tout \u00e0 la prise en charge des victimes avant l\u2019arriv\u00e9e des secours. Cependant, la&nbsp;formation SST \u00e0 Paris&nbsp;est plus compl\u00e8te et s\u2019adresse au monde de l\u2019entreprise, avec une vis\u00e9e pr\u00e9ventive. Bien que similaire,&nbsp;le SST&nbsp;est une formation professionnelle [&hellip;]\" \/>\n<meta property=\"og:url\" content=\"https:\/\/sst-prevention.fr\/site\/ressources\/\" \/>\n<meta property=\"article:modified_time\" content=\"2025-11-03T17:41:03+00:00\" \/>\n<meta name=\"twitter:card\" content=\"summary_large_image\" \/>\n<meta name=\"twitter:label1\" content=\"Dur\u00e9e de lecture estim\u00e9e\" \/>\n\t<meta name=\"twitter:data1\" content=\"3 minutes\" \/>\n<script type=\"application\/ld+json\" class=\"yoast-schema-graph\">{\"@context\":\"https:\\\/\\\/schema.org\",\"@graph\":[{\"@type\":\"WebPage\",\"@id\":\"https:\\\/\\\/sst-prevention.fr\\\/site\\\/ressources\\\/\",\"url\":\"https:\\\/\\\/sst-prevention.fr\\\/site\\\/ressources\\\/\",\"name\":\"Ressources -\",\"isPartOf\":{\"@id\":\"https:\\\/\\\/sst-prevention.fr\\\/site\\\/#website\"},\"datePublished\":\"2023-05-21T17:47:30+00:00\",\"dateModified\":\"2025-11-03T17:41:03+00:00\",\"breadcrumb\":{\"@id\":\"https:\\\/\\\/sst-prevention.fr\\\/site\\\/ressources\\\/#breadcrumb\"},\"inLanguage\":\"fr-FR\",\"potentialAction\":[{\"@type\":\"ReadAction\",\"target\":[\"https:\\\/\\\/sst-prevention.fr\\\/site\\\/ressources\\\/\"]}]},{\"@type\":\"BreadcrumbList\",\"@id\":\"https:\\\/\\\/sst-prevention.fr\\\/site\\\/ressources\\\/#breadcrumb\",\"itemListElement\":[{\"@type\":\"ListItem\",\"position\":1,\"name\":\"Accueil\",\"item\":\"https:\\\/\\\/sst-prevention.fr\\\/site\\\/\"},{\"@type\":\"ListItem\",\"position\":2,\"name\":\"Ressources\"}]},{\"@type\":\"WebSite\",\"@id\":\"https:\\\/\\\/sst-prevention.fr\\\/site\\\/#website\",\"url\":\"https:\\\/\\\/sst-prevention.fr\\\/site\\\/\",\"name\":\"\",\"description\":\"\",\"potentialAction\":[{\"@type\":\"SearchAction\",\"target\":{\"@type\":\"EntryPoint\",\"urlTemplate\":\"https:\\\/\\\/sst-prevention.fr\\\/site\\\/?s={search_term_string}\"},\"query-input\":{\"@type\":\"PropertyValueSpecification\",\"valueRequired\":true,\"valueName\":\"search_term_string\"}}],\"inLanguage\":\"fr-FR\"}]}<\/script>\n<!-- \/ Yoast SEO plugin. -->","yoast_head_json":{"title":"Ressources -","robots":{"index":"index","follow":"follow","max-snippet":"max-snippet:-1","max-image-preview":"max-image-preview:large","max-video-preview":"max-video-preview:-1"},"canonical":"https:\/\/sst-prevention.fr\/site\/ressources\/","og_locale":"fr_FR","og_type":"article","og_title":"Ressources -","og_description":"Quelle est la diff\u00e9rence entre le PSC1 et le SST&nbsp;? Ces 2 formations sont assez similaires et visent avant tout \u00e0 la prise en charge des victimes avant l\u2019arriv\u00e9e des secours. Cependant, la&nbsp;formation SST \u00e0 Paris&nbsp;est plus compl\u00e8te et s\u2019adresse au monde de l\u2019entreprise, avec une vis\u00e9e pr\u00e9ventive. Bien que similaire,&nbsp;le SST&nbsp;est une formation professionnelle [&hellip;]","og_url":"https:\/\/sst-prevention.fr\/site\/ressources\/","article_modified_time":"2025-11-03T17:41:03+00:00","twitter_card":"summary_large_image","twitter_misc":{"Dur\u00e9e de lecture estim\u00e9e":"3 minutes"},"schema":{"@context":"https:\/\/schema.org","@graph":[{"@type":"WebPage","@id":"https:\/\/sst-prevention.fr\/site\/ressources\/","url":"https:\/\/sst-prevention.fr\/site\/ressources\/","name":"Ressources -","isPartOf":{"@id":"https:\/\/sst-prevention.fr\/site\/#website"},"datePublished":"2023-05-21T17:47:30+00:00","dateModified":"2025-11-03T17:41:03+00:00","breadcrumb":{"@id":"https:\/\/sst-prevention.fr\/site\/ressources\/#breadcrumb"},"inLanguage":"fr-FR","potentialAction":[{"@type":"ReadAction","target":["https:\/\/sst-prevention.fr\/site\/ressources\/"]}]},{"@type":"BreadcrumbList","@id":"https:\/\/sst-prevention.fr\/site\/ressources\/#breadcrumb","itemListElement":[{"@type":"ListItem","position":1,"name":"Accueil","item":"https:\/\/sst-prevention.fr\/site\/"},{"@type":"ListItem","position":2,"name":"Ressources"}]},{"@type":"WebSite","@id":"https:\/\/sst-prevention.fr\/site\/#website","url":"https:\/\/sst-prevention.fr\/site\/","name":"","description":"","potentialAction":[{"@type":"SearchAction","target":{"@type":"EntryPoint","urlTemplate":"https:\/\/sst-prevention.fr\/site\/?s={search_term_string}"},"query-input":{"@type":"PropertyValueSpecification","valueRequired":true,"valueName":"search_term_string"}}],"inLanguage":"fr-FR"}]}},"_links":{"self":[{"href":"https:\/\/sst-prevention.fr\/site\/wp-json\/wp\/v2\/pages\/72","targetHints":{"allow":["GET"]}}],"collection":[{"href":"https:\/\/sst-prevention.fr\/site\/wp-json\/wp\/v2\/pages"}],"about":[{"href":"https:\/\/sst-prevention.fr\/site\/wp-json\/wp\/v2\/types\/page"}],"author":[{"embeddable":true,"href":"https:\/\/sst-prevention.fr\/site\/wp-json\/wp\/v2\/users\/1"}],"replies":[{"embeddable":true,"href":"https:\/\/sst-prevention.fr\/site\/wp-json\/wp\/v2\/comments?post=72"}],"version-history":[{"count":10,"href":"https:\/\/sst-prevention.fr\/site\/wp-json\/wp\/v2\/pages\/72\/revisions"}],"predecessor-version":[{"id":953,"href":"https:\/\/sst-prevention.fr\/site\/wp-json\/wp\/v2\/pages\/72\/revisions\/953"}],"wp:attachment":[{"href":"https:\/\/sst-prevention.fr\/site\/wp-json\/wp\/v2\/media?parent=72"}],"curies":[{"name":"wp","href":"https:\/\/api.w.org\/{rel}","templated":true}]}}